12
Let o(i) be the first derivative of 3*i**2/2 + 4. What is o(5)?
15
Let z(n) = 7 + 0 + n**2 - 5 - 3 + 2*n. Let v be z(-2). Let t(y) = 5*y**3 + y**2 - y - 1. Determine t(v).
-4
Let d(v) = -v - 1 + 7 - 1 + 0. Calculate d(6).
-1
Let a(o) = -4*o**2 - 9*o - 8. Let c(s) = s**2 + s + 1. Let b(v) = -a(v) - 5*c(v). Suppose 3*j - 4*d - 32 = 0, -3*j - 3*d = 2*j - 5. Determine b(j).
3
Let p(f) = f**3 + 7*f**2 + 5*f - 7. Let r(w) = 5*w**3 - w**2. Let o be r(-1). What is p(o)?
-1
Let z(j) = 26*j + 1 - 15*j - 14*j + j**3 + 3 - 3*j**2. Suppose 3*b = -5*s + b + 28, -8 = s - 3*b. Determine z(s).
8
Let f(x) = -x**3 - 6*x**2 - 3*x + 5. Suppose -2*t - 2*t = -20. Suppose 4*i + t*r = 4 + 1, -3*r = 5*i + 10. Determine f(i).
-5
Suppose -t - 3*n = -2*n + 5, 2*n + 8 = -t. Let x(a) = 3*a**2 + 15*a - 7. Let h(s) = s**2 + 7*s - 3. Let k(v) = t*x(v) + 5*h(v). Give k(4).
3
Let g(p) be the first derivative of -p**3/3 + 3*p**2 - 7*p + 38. Determine g(5).
-2
Let g = 89 - 82. Let c(s) = s**3 - 8*s**2 + 4*s + 7. Calculate c(g).
-14
Suppose -3*h + 8 = -4*y, y - 2*y = h - 5. Let g(m) be the first derivative of m**2/2 - 18. Give g(h).
4
Suppose 2*k - 1 = -2*h + 5*k, 2*h + 23 = -5*k. Let l(o) = 5*o**2 + 4. Let n(a) = a**2 + a + 1. Let v(x) = -l(x) + 6*n(x). Give v(h).
-6
Let u = -21 + 23. Suppose -3*l - 7 = 2*j - 2*l, -13 = 3*j + u*l. Let q(o) be the first derivative of -o**4/2 + 1. What is q(j)?
2
Let p(j) be the third derivative of -j**5/60 - j**4/4 - j**3/6 - 3*j**2. Calculate p(-4).
7
Let k(x) = 3*x + 1 - 2*x**2 + 0 + 3*x**2 - 2*x**2. Suppose -5*y = 3*r - 11, 0 = -r - r - 5*y + 9. Calculate k(r).
3
Let q(p) = -5*p**2 + 3*p - 1. Let b(t) = -10*t**2 + 6*t - 2. Let s(u) = -3*b(u) + 5*q(u). Let o(c) = 11*c**2 - 5*c + 2. Let g(i) = 3*o(i) - 5*s(i). Give g(1).
9
Let z(d) = 5*d - 271 + 270 - 4*d. Let b = 9 - 6. Determine z(b).
2
Let i(g) = -5*g**3 + g**2 - g. Let s(q) = 4*q - 1. Suppose 0 = d + 3*d + 4. Let h be s(d). Let n(y) = y**3 + 4*y**2 - 5*y + 1. Let t be n(h). Calculate i(t).
-5
Let n(k) be the third derivative of -k**5/60 + 5*k**4/24 - k**3/3 + k**2. Let f be n(4). Let j(a) be the first derivative of -3*a**2/2 + 3*a + 6. What is j(f)?
-3
Let i(s) = s**2 - 3*s + 3. Suppose -2*k + 5*k - 3 = 3*w, 23 = 2*w + 3*k. What is i(w)?
7
Let x(i) = i**3 - 5*i**2 + 3*i + 5. Let k be x(4). Let o(u) be the second derivative of 3*u**5/20 - u**2/2 + 8*u. Give o(k).
2
Let o be (-9)/(-2)*24/(-36). Let x(k) = -5*k - 1. Give x(o).
14
Let s(x) = -2*x - 17. Let m(h) = h + 8. Let a(u) = -7*m(u) - 3*s(u). Let l be a(-8). Let v(j) = 0*j + 4 + j**2 - 3*j + j**l - j - 4*j**2. What is v(4)?
4
Let o(u) = 5 - 3*u + 0*u + 5*u. Suppose -22 = 5*l + 8. Calculate o(l).
-7
Let d(r) = -r**3 - 9*r**2 - r - 12. Let y(x) = -5*x - 64. Let i be y(-11). What is d(i)?
-3
Let v(x) = -3*x**3 + 2*x**2 + 2*x + 1. Let k(q) = -2*q. Let o be k(-5). Let r = 41 + -32. Let b = r - o. Give v(b).
4
Let z(j) = j + 1. Let g = -46 - -13. Let i(q) = -9*q - 9. Let k(x) = g*z(x) - 4*i(x). Determine k(-3).
-6
Suppose 25 = -2*g - 3*g. Suppose -2*l = -2, -h + 6 = 5*l - 1. Let t(z) = -8 + z**2 - h + 4 + 5*z. Give t(g).
-6
Let j = -3 + 5. Suppose -2*i + 2*v - 2 = 0, 16 = -3*i - j*v + 3. Let m(u) = 4*u - 2. Calculate m(i).
-14
Let s(a) = -a**3 - a**2 + 5. Let q(c) = -c**2 + 6*c + 9. Let d be q(7). Suppose -2*h = 4*z - 8, -d*h + z = 2*h + 2. Determine s(h).
5
Let l(j) = -4*j**2 + 3*j + 3. Let d(r) = 5*r**2 - 4*r - 4. Let k(z) = -5*d(z) - 6*l(z). Suppose 10 = -2*p - 3*p. Give k(p).
-6
Let y(v) = 1 + v + 0 - 7 - 10. What is y(0)?
-16
Let d(s) = 5*s**3 + 4*s**2 - 8*s + 10. Let r(o) = 4*o**3 + 3*o**2 - 7*o + 9. Let m(w) = -5*d(w) + 6*r(w). Calculate m(-3).
19
Let n(y) be the second derivative of y**5/20 + y**4/12 + y**3/6 - 23*y**2/2 + 34*y. Calculate n(0).
-23
Let r(f) = -38*f - 20. Let b(d) = -12*d - 7. Let p(m) = 17*b(m) - 6*r(m). Calculate p(-1).
-23
Let d(t) = t**2 - 5*t + 5. Let c(y) = -y**2 + 5. Let j be 0 - (0 - -1) - -1. Let g be c(j). Determine d(g).
5
Let u(f) = -2*f - 5. Let b(m) = m + 3. Suppose 0 = -5*z - t + 54 + 16, 4*z + t = 57. Let p(r) = z*b(r) + 6*u(r). Give p(-5).
4
Let w(f) be the first derivative of -5*f**4/4 + f**3/3 - f**2 + f - 9. Give w(1).
-5
Let b(h) be the second derivative of -h**3/6 - h**2 - h. Let w = 7 - 9. Determine b(w).
0
Suppose 0 = t - 1 - 0. Let z(s) = -3*s + t - s + 2*s**2 - 4*s**2 + s**2. Let g(u) = -2*u + 7. Let b be g(6). Calculate z(b).
-4
Let r = -4 + 8. Suppose 0*k = r*k + 12. Let z(g) = -g**3 - 2*g**2 + 3*g + 3. Determine z(k).
3
Let s(h) = -h**3 - 4*h**2 + 7*h + 4. Let t = -17 + 12. Determine s(t).
-6
Let p be (2 + 0 - 2)*-1. Let j(b) = -b**2 + 5*b + 5 - 5*b. Determine j(p).
5
Let c(r) = r**3 - 4*r**2 + 4*r - 3. Suppose -2*a + 2 = 2*i - 4, 0 = 2*i + 3*a - 5. Suppose 0 = -2*v + 5*k - 2*k, i*k = -2*v + 14. Determine c(v).
0
Suppose 0*z = 4*z. Suppose 9 = -3*q - z*q. Let m(v) = 2 + 0 + 3*v + 1. Determine m(q).
-6
Let l(x) be the third derivative of -x**6/30 - x**3/6 + 2*x**2. Let w be (-4)/(-8)*-2*1. Let y be l(w). Let t(k) = k**3 - 4*k**2 + 5*k - 4. Determine t(y).
2
Let a(p) = 0*p**3 + 23*p**2 - 2 + p - p**3 - 18*p**2. Calculate a(4).
18
Let o(k) = -k + 1. Suppose -3*p + 4 = -2*l + 9, p + 4*l = -25. What is o(p)?
6
Let l(k) = k + 5. Let j be l(-3). Let x(w) = 13*w**2 + w + 4. Let u(t) = 4*t**2 + 1. Let m(g) = 7*u(g) - 2*x(g). Give m(j).
3
Let l(c) = -15*c**2 + c + 1. Let w be ((-2)/(1*(3 + -5)))/(-1). Calculate l(w).
-15
Let l(z) = z**3 - z**2 - z + 4. Suppose -3*u - 9 + 9 = 0. Give l(u).
4
Let u(g) = g**2 - 4*g - 3. Let d be 3/((-2)/(-8)*-1). Let v = d - -7. Let o be -2*v*3/6. Calculate u(o).
2
Suppose -2*f - 3*r - r = -28, -4 = -2*f + 2*r. Let x be (-44)/(-6) + f/9. Let u be 3/6*(2 + x). Let i(o) = o**2 - 6*o + 7. Give i(u).
2
Let n(g) = -g**3 + 0 - 8*g**2 + 2*g**2 - 6. Let m(v) = 2*v**2 + 18*v - 6. Let u be m(-9). What is n(u)?
-6
Let s(b) = 15*b**2 - 2*b - 1. Suppose -22*n + 4 = -26*n. Give s(n).
16
Let t = -4 - -2. Let s(u) = 4*u**2 - 4*u + 2. Let w(v) = v**2 - v. Let a(x) = s(x) - 5*w(x). What is a(t)?
-4
Let f(r) = -r**3 - 3*r**2 + 5*r + 3. Let c(l) = -l**2 + 5*l + 2. Let z be c(6). Give f(z).
-1
Let s(z) = z**2 - 9*z + 8. Let p = 5 - -3. Give s(p).
0
Let c(l) be the first derivative of 4*l**3/3 + l**2/2 + l + 10. Calculate c(-2).
15
Let o(t) = -5*t**3 + t. Suppose 0*g + 30 = -3*g. Let m be (-6)/(-27) - (-136)/36. Let x be 14/10 + m/g. Determine o(x).
-4
Let j(g) = -g + 5. Let r(y) = -6*y**2 + y. Let i be r(1). Let s = 0 - i. Determine j(s).
0
Let j(z) = -2 - 68*z**3 + 67*z**3 - 6*z + 6*z**2 + 2. Calculate j(5).
-5
Let z(g) be the third derivative of g**5/60 - g**4/6 - g**3/3 - 3*g**2. Give z(4).
-2
Let i(c) = -8*c + 14. Let r(b) = 3*b - 5. Let x(p) = 4*i(p) + 11*r(p). Determine x(2).
3
Let s(m) = m**3 - 2*m - 2. Let y(p) = p**2 - 9*p + 7. Let u be y(8). Let h be (-1)/(u/10) + 0. Suppose h = -d - 4*d. Give s(d).
-6
Let q be (-17)/(-4) + 22/(-88). Let h(i) = 5*i**3 - 4*i**2 - 6*i - 2. Let o(p) = 4*p**3 - 4*p**2 - 5*p - 1. Let j(r) = 3*h(r) - 4*o(r). Give j(q).
6
Let l(u) = u**2 + 6*u - 2. Let i = 11 - 17. Calculate l(i).
-2
Let c(n) = 2*n - 3*n**2 - 2*n**2 + 0*n**2 + 0*n**2 + n**3. Suppose -6*j = -4*j + 2. Let q = j - -5. Calculate c(q).
-8
Let r(t) = -t**3 + t**2 - t. Let l(v) = 2*v**3 - 8*v**2 + 5*v - 1. Let c(a) = -l(a) - 6*r(a). What is c(-2)?
-25
Suppose 153*o - 157*o + 12 = 0. Let v(w) = -2*w + 1. Give v(o).
-5
Let j = 0 + 9. Suppose -3*c = 3 + j. Let i(m) = m**3 + 3*m**2 - 2*m + 2. Give i(c).
-6
Let n(y) = 2*y - 6. Let z be n(6). Suppose -3*g = -z*g + 18. Let v(i) = -i**2 + 5*i. Calculate v(g).
-6
Let x = 5 + -3. Let v(n) = 3*n**2 + 6 - n**2 + x*n**2 + 7*n - 3*n**2. Let r be ((-5)/(-2))/(1/(-2)). Give v(r).
-4
Let b(r) = -r**2 + 2*r - 3. Suppose -4*f + 3*t = -20, -3*f + 2*t + 7 = -7. Let o = 2 + f. Let i be ((-4)/8)/((-1)/o). Calculate b(i).
-3
Suppose 2*w = c - 9, -8 = 2*w - 5*c + 13. Let f(p) = p**2 + 5*p + 4. Determine f(w).
-2
Let s(l) = l**2 - l + 5. Suppose 0*u - 28 = -7*u. What is s(u)?
17
Let a(o) = 2*o - 3. Let g(x) = -44*x. Let b be g(1). Let c be (-10)/25 + b/(-10). Suppose 4 = c*d - 4. Determine a(d).
1
Suppose f - 4*f + 4*w + 15 = 0, -2*f + w + 15 = 0. Let n = 9 - f. Let q(k) = -k - 8. Let u(a) = -a - 7. Let s(o) = -3*q(o) + 4*u(o). Give s(n).
-4
Let o(t) = t**3 + t**2 + 